hest common divisor of k and z.
6
Suppose 31 = -r + h - 33, 4*r - 3*h = -258. Let k be (1/3)/((-2)/r). What is the greatest common divisor of 22 and k?
11
Let p be 40/(-12)*48/(-5). Let k be 476/6 + 12/18. What is the greatest common factor of p and k?
16
Let s be (-41 + -1)/(3 - 5). What is the greatest common factor of 3 and s?
3
Let w = 90 + -63. Suppose 45 = 4*o + o. Let c be o/1*(-5)/(-5). What is the highest common factor of c and w?
9
Suppose 3*w = h - 14 - 5, -3*h = 4*w - 18. What is the greatest common factor of 30 and h?
10
Let t be (-1)/((-6)/3 + 1). Suppose 4*m = 4*g + 128, -5*m + 3*g + t + 151 = 0. Let x be (-2)/5 - 212/(-5). What is the greatest common divisor of m and x?
14
Let u be (-8)/((-9)/(-12) - 1). Suppose -32 = -x + 3*x. Let n = x + u. Calculate the highest common divisor of n and 176.
16
Let z be (4/(-5))/(2/35). Let t = z - -24. Suppose 2*q - 2 = 0, g - 47 = q + 2*q. What is the greatest common factor of g and t?
10
Suppose 3*t - 778 = 275. What is the greatest common factor of 39 and t?
39
Suppose -2*r - 1446 = -5*r. Suppose -2*d - y = -0*d - r, d - 244 = y. Let b = 42 - 20. What is the highest common divisor of b and d?
22
Suppose -3*v = -4*v. Let j(c) be the first derivative of -c**3/3 + 165*c + 1. Let u be j(v). What is the highest common divisor of u and 15?
15
Let b(l) = 13*l + 2. Let c be b(4). Suppose -y + 4*y = c. Suppose -5*x + 0 = -10. Calculate the highest common divisor of y and x.
2
Let v be -20*(-2)/(8/3). Let g(j) = 3*j**3 + 4*j**2 - 2. Let x be g(-3). Let m = -32 - x. Calculate the highest common factor of v and m.
15
Let x(r) = -9*r**3. Let f(o) = -o**3 + 11*o**2 - o + 10. Let k be f(11). Let w be x(k). What is the highest common divisor of 36 and w?
9
Let q be 0/(-2 + (-1 - 0)). Suppose q = 5*o - 148 + 28. Suppose 3*n + 3*i - 30 = 0, 0 = -4*n + 4*i - 30 + 86. Calculate the highest common factor of o and n.
12
Suppose l - 7*z = -3*z - 21, 24 = -4*l + 4*z. Let a be (l - 24/(-9))*3. Suppose g = a*g - 616. Calculate the greatest common divisor of 14 and g.
14
Let p be 2/(-5) - (-1755)/75. Let t be ((-92)/(-5))/((-1)/(-10)). Calculate the greatest common divisor of t and p.
23
Suppose r - 22 = -4*u, 6 - 1 = 3*u - 5*r. What is the highest common divisor of u and 100?
5
Suppose 0 = 4*r - 4 - 4. Let n be (1 + (-4)/r)*0. Let g be n/((-2)/(-2)) - -8. What is the highest common divisor of g and 40?
8
Let b = -35 - -76. Let r = b + -14. Suppose 5*q - 4*y - 11 = 0, -4*y + 5 = 1. What is the highest common divisor of q and r?
3
Suppose f - 2*f + 4 = 0. Suppose f*d = 97 + 63. Calculate the highest common divisor of d and 10.
10
Suppose -7*v + v = -132. What is the highest common divisor of 55 and v?
11
Suppose 0 = -71*j + 68*j + 462. Suppose -5*v + 19 = 4. Let s(z) = 6*z - 4. Let i be s(v). What is the highest common divisor of i and j?
14
Suppose -3*z + 37 = m, -3*m + 89 = -5*z + 3*z. What is the greatest common divisor of 124 and m?
31
Let b = 40 + -13. What is the greatest common divisor of 18 and b?
9
Suppose -4*z = -2*z - 72. Calculate the greatest common divisor of 4 and z.
4
Suppose 2*p - 78 = -4*p. Calculate the highest common factor of 91 and p.
13
Let w be 10 + 0 + 2 + -2. Suppose -4*f + 6 = 4*m - w, 0 = 2*f - 3*m - 8. Suppose -5 = -f*s + 43. What is the greatest common factor of 84 and s?
12
Let n = -19 + 89. Let s = -46 - -26. Let g = -10 - s. What is the greatest common divisor of g and n?
10
Let r be 4/(-14) - 121/(-7). Let a(f) = 2*f**2 + 9*f + 16. Let q be a(-7). What is the highest common factor of q and r?
17
Suppose 8 + 160 = 8*d. Calculate the highest common divisor of d and 42.
21
Let w(m) = 3*m**2 - 13*m - 7. Let y be w(-7). What is the highest common divisor of y and 21?
21
Suppose 40 = -0*i + 4*i. Suppose -l + 17 = x, 26 + 17 = 3*x - l. What is the greatest common factor of i and x?
5
Let p be ((-24)/14)/(1 - 18/14). What is the highest common factor of p and 66?
6
Suppose 0 = -4*m + o + 207, 0 = 4*m + 4*o - 0*o - 192. Calculate the greatest common divisor of 34 and m.
17
Let l(n) = n**2 + n - 9. Let s be l(-5). What is the highest common factor of 99 and s?
11
Suppose -4*a = -s + a + 32, -2*s + 32 = -2*a. What is the highest common factor of s and 108?
12
Let o be (-1)/((-2)/(3 + 3)). Calculate the greatest common divisor of 27 and o.
3
Suppose 9*l - 578 - 412 = 0. Calculate the greatest common divisor of 165 and l.
55
Let v = -111 + 188. Let r(w) be the second derivative of -w**4/12 + 2*w**3 - 13*w**2/2 - 2*w. Let n be r(10). What is the greatest common factor of v and n?
7
Suppose -3*k = o - 6*o - 70, 86 = 3*k - o. Let q be -1 + (-3)/3 + 8. Calculate the greatest common factor of k and q.
6
Let x be 21/4 + 2/(-8). Suppose 3*t = x*h + 12, -5*h + 0*h + 6 = -t. Let l(p) = -2*p - 5. Let u be l(-4). Calculate the highest common divisor of t and u.
3
Let a be -4 - 9/((-27)/186). Calculate the highest common divisor of 87 and a.
29
Let a(o) = 2*o**2 + 5*o + 2. Let k be a(-6). Suppose 52 = 4*n + 2*j, -5*n + 5*j + 13 = -2*n. What is the highest common factor of k and n?
11
Let h be ((-4)/(-3))/((-8)/(-12)). Suppose -a = -h*a - 1. Let q(t) = -77*t**3 - t - 1. Let z be q(a). Calculate the highest common divisor of z and 11.
11
Let c be -1 - (-1)/((-2)/(-22)). Let k(n) = 6*n**2 - n - 6. Let o be k(-2). Calculate the highest common divisor of c and o.
10
Let t be (8/24)/((-1)/(-15)). Suppose -t*l = 5*n - 20, -2*l + n = -0*l - 23. What is the highest common factor of 9 and l?
9
Let g(l) = -l**3 - 7*l**2 + 4*l + 7. Let b be g(-8). Suppose -q = -4*q - b. Let z = q + 20. What is the highest common factor of z and 77?
7
Suppose 3*a = 5*u + 264, 2*u = 3*a - 4*a + 88. Let z be 0 + 0 - (-316)/2. Let p be z/14 + (-4)/14. Calculate the highest common divisor of a and p.
11
Let z = 25 + -18. Let p be (1 - 0)/(13/65). Suppose p*m - 157 = 53. What is the greatest common factor of m and z?
7
Let x(n) = -n**3 - 7*n**2 + 7*n - 6. Let h be x(-8). Suppose -2*t = -5*c + 68, h*c + 2*c + 4*t - 32 = 0. Calculate the greatest common divisor of c and 6.
6
Suppose -3*b = -23 - 58. What is the greatest common factor of 9 and b?
9
Let h(c) = c**2 + 2*c + 4. Let f be h(3). Suppose -j = -70 + f. Suppose 0 = -g + j + 75. What is the highest common factor of g and 14?
14
Let u = 83 + 12. Calculate the highest common factor of 38 and u.
19
Suppose -t = 3*w - 14, -2*t - 23 = -5*w + 4. Suppose 4*n - 2*k - 506 = -0*k, -2*n + 257 = -w*k. Calculate the greatest common factor of n and 14.
14
Suppose -3 = -2*r - 2*f + 1, -3*r = 5*f - 2. What is the highest common divisor of 5 and r?
1
Suppose 16*b - 324 = 13*b. What is the greatest common divisor of 24 and b?
12
Let f be -1 - -2 - (-1 - 13). Let v = -76 - -151. Calculate the highest common factor of v and f.
15
Let a(v) = 19*v - 18. Let x be a(15). Let j = x - 171. Calculate the greatest common divisor of j and 24.
24
Suppose 6 = j - 4. What is the greatest common divisor of 15 and j?
5
Let z(h) = 13*h**2 - 1. Let y be z(1). Calculate the highest common divisor of y and 9.
3
Suppose -4*v = -4 - 4. Suppose b = 2 - 0. Suppose -v*i + 4 = b*i. What is the highest common divisor of 7 and i?
1
Suppose -75 = 3*t - 6*t. Suppose j - 7 = x, 2*j = -5*x + 4 - t. Let l = 8 - 6. Calculate the highest common divisor of j and l.
2
Let v(h) = 4*h - 1. Let t be v(1). Let g = -11 + 3. Let j(d) = -d**2 - 8*d + 6. Let z be j(g). What is the highest common divisor of t and z?
3
Let h = 1938 - 1308. Suppose 5*v = -80 + h. Calculate the highest common divisor of 44 and v.
22
Suppose g = -1 + 6. Suppose -g*f + 2*p = -3*p - 30, f - 10 = 5*p. Suppose 0 = -f*s + 38 + 7. Calculate the greatest common divisor of 72 and s.
9
Let j = 4 - 3. Let x = 6 - 3. Let p be x + j + 1 - -1. Calculate the greatest common factor of 42 and p.
6
Suppose -j + 80 = j. Suppose w + 3*w - 40 = 0. What is the greatest common divisor of j and w?
10
Suppose -24 = -c - 3. Let l = c + 12. Let s = l + -23. What is the highest common divisor of 40 and s?
10
Let a = -21 + 36. What is the greatest common factor of 30 and a?
15
Let z(h) = -h**3 + 14*h**2 + 14*h + 27. Let d be z(15). Calculate the greatest common divisor of d and 204.
12
Suppose 3*l = 2*l + 4, 2*l + 40 = x. Let d = x + -27. Let g be 439/7 - 2/(-7). Calculate the greatest common d